
53
Let r(w) = w**3 + 8*w**2 - 1. Let v be r(-8). Let a = v + 11. List the prime factors of (-6)/18 + a/3.
3
Let s = -2360 - -4132. List the prime factors of s.
2, 443
Suppose -4*f + 16328 = -4*m, 14*f - 12276 = 11*f - 3*m. List the prime factors of f.
61, 67
Let y = 530 - 208. Suppose -y = -6*l - l. List the prime factors of l.
2, 23
Suppose 731 = 4*x - 193. Let m be x/(-14)*(-2)/3. What are the prime factors of (0 + 1)/(m/363)?
3, 11
What are the prime factors of (-59 - -62)/((-1)/(-1247))?
3, 29, 43
Let j = -132 - -332. List the prime factors of j.
2, 5
Let j(m) = 5*m**3 + 2*m**2 + m + 3. Let k(y) = 11*y**3 + 3*y**2 + 3*y + 5. Let c(n) = -13*j(n) + 6*k(n). Let d = 14 - 6. What are the prime factors of c(d)?
31
Let a = 2 + -25. Suppose 0 = -0*y - 4*y - 64. Let x = y - a. List the prime factors of x.
7
Suppose -3*u = -0*u - 2*v - 4243, 4 = v. What are the prime factors of u?
13, 109
Let f be -4 - (-5)/(-5)*-4. List the prime factors of (-2)/(f + -2)*-1 + 51.
2, 5
Suppose -11 = i - 38. Let k = i + -4. Suppose -3*d + 3*x = -13 - k, -5*d - x + 54 = 0. List the prime factors of d.
11
Let b(i) = 58*i**2 + 38*i + 34. What are the prime factors of b(-4)?
2, 3, 5
Let c = 396 - 284. List the prime factors of c.
2, 7
Let r(j) = j**2 - j - 15. Let k be r(6). Suppose a - k - 56 = 0. What are the prime factors of a?
71
Let w = 49 - 44. Suppose -2*h - 225 = -w*h. What are the prime factors of h?
3, 5
Let g(m) = -m**2 - 8*m + 10. Let c be -57*(5/(-3) + 2). Let p = 11 + c. What are the prime factors of g(p)?
2, 5
Let j be 18/(-30) + 906/(-15). Let b = -22 - j. List the prime factors of b.
3, 13
Let r(u) = 2*u - 11. Let g be r(8). Suppose -z = -t - 92, 0 = z - 3*t + g - 89. List the prime factors of z.
2, 3
Let r = 120 + -209. Let p = -6 - r. List the prime factors of p.
83
List the prime factors of 2*3/(-39) - 163471/(-143).
3, 127
Let i(s) = 440*s**3 - 2*s**2 + s - 1. List the prime factors of i(1).
2, 3, 73
What are the prime factors of (-68824)/(-728) + (-12)/(-26)?
5, 19
Let o(n) = 10*n - 4. Let f be (-6 + 9 + -2)/(2/18). List the prime factors of o(f).
2, 43
Suppose -3*z - z + s + 11 = 0, 0 = 2*z - 3*s - 3. List the prime factors of z/12*-1 + 1011/12.
2, 3, 7
Suppose 5*d = -5*r + 7*d + 26, 0 = -2*r + 2*d + 14. Let i be r/(-18) - 14572/36. List the prime factors of i/(-12) - (-6)/(-8).
3, 11
Suppose 3*i = -4*j + 127, i = -5*j + 5*i + 151. List the prime factors of (-27)/(-6)*(j - 1).
3, 5
Let t(c) = -c**2 + 19*c + 39. Let g be t(21). List the prime factors of (4/g)/(((-8)/(-30))/(-2)).
2, 5
Let n(z) = 33*z + 65. List the prime factors of n(14).
17, 31
Let f = 10 + -4. Let j = 8 - f. Suppose -3*r + k = -16, 0 = -r + j*k + k + 8. What are the prime factors of r?
5
Suppose 2*u + 5*u - 35 = 0. Suppose -v + 70 = u*r - 53, 3*v = -3*r + 405. What are the prime factors of v?
2, 3, 23
Let y be (-10)/(0 + 1/(-2)). Suppose z + 3*z - y = 0. Let w = 32 + z. List the prime factors of w.
37
Suppose -2*f + 12 = -32. Let w = f - 11. Let b = w - 5. What are the prime factors of b?
2, 3
Let y be (-2)/(-8) + 6969/92. Suppose 0 = 5*z + 3*x + 177, 2*z = -2*z - x - 136. Let u = y + z. List the prime factors of u.
43
Suppose 6 + 6 = 2*y. Let z = 9 - y. Let q = -1 + z. What are the prime factors of q?
2
Suppose 2*y + 4 = 2*u, 5*y + 2 = 7. Suppose 0*a = 2*a + u*t - 145, -4*a = -t - 283. What are the prime factors of a?
71
Let j(i) = 4*i - 4. Let c be j(2). Suppose -c*y + 447 - 123 = 0. What are the prime factors of y/3 - (0 - 1)?
2, 7
Suppose -4*h - 3382 = -5*b - 70, 5*b = -2*h + 3294. List the prime factors of b.
2, 3, 5, 11
Suppose 2*a + 8 = -4*z, 40 - 12 = -4*a + 4*z. Let t be -18 - -17 - a/2. Suppose -t = -l, -5 = -m + 4*l + 4. List the prime factors of m.
17
Suppose -i = 4*i - 35. Let h(w) = -11*w - 15. Let z be h(i). Let p = -48 - z. List the prime factors of p.
2, 11
Let j = -301 - -617. What are the prime factors of j?
2, 79
Suppose 3*w + 6*q = 10*q + 6846, 3*q = -2*w + 4581. What are the prime factors of w?
2, 3, 127
Let n be ((-18)/(-10))/((-39)/(-325)). Suppose -6*r = -r - n. Suppose -3*b + 214 = b - r*p, 5*b - p - 262 = 0. What are the prime factors of b?
2, 13
Let n(v) = -171*v + 10. What are the prime factors of n(-5)?
5, 173
Suppose -31 = -5*a + 3*v, -3*v + 4 = -5*v. Let h(k) = 3*k**3 - 5*k**2 - 3*k + 17. List the prime factors of h(a).
2, 3, 7
Suppose 6 = 5*f + 1. Let i(c) = 3*c + 0*c + 3*c + f. List the prime factors of i(2).
13
Let q(z) = -390*z + 381. List the prime factors of q(-5).
3, 7, 37
Let g = 1237 - 715. What are the prime factors of g?
2, 3, 29
Let k be 36/90 - 3746/(-10). Suppose 0 = -4*b - 2*m - m + 289, -k = -5*b - m. What are the prime factors of b?
2, 19
Let a be -6*(404/6)/(-1). Suppose -r + a = 2*w, -210 - 396 = -3*w - 3*r. List the prime factors of w.
2, 101
Let z(n) = n**3 + 5*n**2 - 3*n - 5. Suppose -5*a = 5*w + 16 + 4, 5*a + w + 32 = 0. Let o = a - -2. What are the prime factors of z(o)?
2, 5
Let t = -30 + 36. List the prime factors of t/(-4)*(-5 - -3).
3
Let j(r) = r**3 - 8*r**2 + r - 14. Let m be j(8). Let d(t) = -29*t + 3. What are the prime factors of d(m)?
3, 59
Suppose -2*b + b = -3*x + 30, 0 = 4*b - 3*x + 147. List the prime factors of (2/(-13) - 123/b) + 14.
17
Suppose 0 = 5*g - 2*g - 6. Suppose g*t = -o + 56, t - 2*o = -t + 56. Suppose t + 92 = 5*l. What are the prime factors of l?
2, 3
Let a = 582 - 437. What are the prime factors of a?
5, 29
Let z(n) = n**2 + 17*n + 54. Let j be z(-13). Suppose 5*f + 3*w = 585, j*f - 142 = -4*w + 106. List the prime factors of f.
2, 3, 19
Suppose 625 = 5*k + 2*d, -5*d + 274 - 864 = -5*k. Let x = -41 + k. List the prime factors of x.
2, 41
Suppose 11*d - 9*d = 0. Suppose d = -6*q + 5*q + 2. Suppose -q*x = -4*c - 74, -5*c + 44 = x - 0*c. What are the prime factors of x?
3, 13
Let d(r) be the first derivative of -7*r**4/2 - r**3/3 + r**2/2 + 11. Let g be d(1). What are the prime factors of (-2210)/(-91) - (-4)/g?
2, 3
Let c be ((-2)/3)/(12/666). List the prime factors of c*(1 + -4 + 2).
37
Suppose n = 6*n + 30. Let w = -7 - n. What are the prime factors of (3 - (9 + w))*-5?
5
Let m(r) = r - 2. Let f be m(4). Let b be (15/(-10))/(f/(-4)). Suppose 4*o - b*d - 21 = 0, 4*o = -3*d + 4 - 1. List the prime factors of o.
3
Suppose -5*y = -1 - 14. Suppose -h + 4 = -2*v + 4*v, -3*v + 15 = y*h. What are the prime factors of h?
2, 3
Suppose -276 = -2*i + 138. Suppose -l + i = 42. What are the prime factors of l?
3, 5, 11
Let j = -267 - -539. List the prime factors of j.
2, 17
List the prime factors of (-14)/(9 - 16) - -2678.
2, 5, 67
Suppose -4*i + 1422 = j, -9*j - 2*i - 4210 = -12*j. List the prime factors of j.
2, 19, 37
Let r(j) = j**2 - 1. Suppose -k + 5*t = 6, t - 2 = k - 0. Let h(u) = -u - 3. Let a(m) = k*h(m) + 2*r(m). List the prime factors of a(2).
11
Let j(y) = 110*y**2 - 9*y - 7. List the prime factors of j(3).
2, 239
Let i(p) = -p**3 - 7*p**2 - 4*p - 16. Let x be i(-7). Let l be x/(-54) + (-56)/(-9). Suppose -l = 2*j - 10. List the prime factors of j.
2
Let d = 20 - 18. Suppose -d*h + 50 = 5*q - 0, 4*q + 4*h = 52. Suppose -2*c + 2 = -q. List the prime factors of c.
5
Let f(i) = -8*i + 11*i + 13*i. Let p be f(2). Let w = p - 13. What are the prime factors of w?
19
Suppose 5*v + 2*z - 59 = 3*z, -5*z - 19 = -2*v. What are the prime factors of 228/3*v/16?
3, 19
Let n = 180 + -315. Let f = -36 - n. List the prime factors of f.
3, 11
Let x(m) = 5 - 5*m - 3 - 5 + 0*m. Let k be x(-6). Let g = k + -13. List the prime factors of g.
2, 7
Let f(p) = -2*p**3 - 15*p**2 + 17*p + 37. List the prime factors of f(-14).
2347
Let g = 18 - 9. Suppose 0*u = u - g. Let z = u - 4. What are the prime factors of z?
5
Suppose -6 = 3*d - 3*c, 0*c - 10 = 2*c. What are the prime factors of (-9)/(-21) + -5*152/d?
109
Let m be 4/18 - (-112)/63. Suppose -6*k + k - m*t - 2 = 0, 2*k = -t. What are the prime factors of (192/18)/(k/(-3))?
2
Let z = 56 - 36. Let r = z + 16. Let u = r + -12. What are the prime factors of u?
2, 3
Let k(q) = q**2 - 3*q - 1. Let x be -2 + (2 - (-5 - 0)). Let b be k(x). Suppose 4*i = b*i - 85. List the prime factors of i.
17
Let h(x) = 4*x**2 + x - 7. Let z be h(6). Suppose q - 149 = -2*k, 2*k = -0*k - 3*q + z. What are the prime factors of k?
2, 19
Let v = 27 - 27. Suppose -4*m + 215 = -f, 3 = -f - v. W